5?
41
What is the greatest common factor of 28725 and 4?
1
Calculate the greatest common factor of 185929 and 34.
17
What is the greatest common factor of 1911 and 65709?
147
What is the highest common divisor of 10981 and 10112?
79
What is the greatest common divisor of 655 and 2665?
5
Calculate the greatest common factor of 1 and 146104.
1
Calculate the greatest common divisor of 341896 and 16.
8
Calculate the greatest common divisor of 107876 and 1086.
362
Calculate the greatest common factor of 609375 and 429.
39
What is the highest common divisor of 62 and 13082?
62
Calculate the greatest common divisor of 429 and 26403.
39
Calculate the highest common factor of 36 and 378909.
9
What is the greatest common divisor of 61977 and 292?
73
Calculate the greatest common divisor of 20181 and 124.
31
Calculate the highest common divisor of 67 and 594424.
67
What is the greatest common divisor of 77922 and 1664?
26
Calculate the greatest common factor of 3038439 and 789.
789
What is the greatest common factor of 247 and 18943?
19
Calculate the greatest common divisor of 18088 and 3781.
19
Calculate the greatest common factor of 825 and 786.
3
Calculate the greatest common divisor of 534 and 1611790.
178
Calculate the greatest common divisor of 3608 and 205.
41
Calculate the highest common factor of 87569 and 3752.
67
Calculate the highest common factor of 173793 and 152.
19
What is the highest common factor of 127489 and 723?
241
What is the greatest common divisor of 25382 and 7203?
343
Calculate the highest common factor of 17258 and 14.
2
What is the greatest common divisor of 139264 and 51?
17
Calculate the highest common factor of 2985 and 795204.
597
What is the highest common divisor of 4520 and 24?
8
What is the highest common divisor of 11424 and 42?
42
What is the greatest common factor of 628944 and 192?
48
Calculate the highest common divisor of 2280 and 38140.
20
What is the highest common divisor of 4814 and 290?
58
What is the greatest common divisor of 5093786 and 76?
38
What is the highest common divisor of 3 and 6870?
3
Calculate the greatest common divisor of 19338 and 1888092.
1758
Calculate the greatest common divisor of 406 and 9190622.
406
What is the greatest common divisor of 71036 and 111972?
1204
What is the greatest common factor of 81928 and 2024?
88
What is the highest common divisor of 12193 and 411?
137
What is the highest common divisor of 43152 and 3?
3
What is the highest common factor of 391 and 30379?
17
What is the highest common factor of 20727 and 3008?
47
What is the highest common divisor of 739009 and 8459?
769
What is the highest common factor of 142720 and 1561?
223
What is the greatest common factor of 86377 and 119?
17
What is the highest common factor of 12142 and 468?
26
Calculate the greatest common divisor of 182909 and 317.
317
What is the highest common factor of 381 and 1240409?
127
Calculate the highest common divisor of 17336 and 352.
88
What is the highest common factor of 280224 and 224?
224
Calculate the highest common factor of 10 and 30215.
5
What is the highest common factor of 15 and 239240?
5
Calculate the greatest common divisor of 132400 and 50.
50
Calculate the highest common divisor of 130 and 514410.
130
Calculate the highest common divisor of 1731335 and 5680.
355
What is the greatest common divisor of 2394126 and 126?
126
Calculate the highest common factor of 321440 and 14210.
490
Calculate the highest common factor of 8530 and 12490.
10
What is the greatest common divisor of 21248 and 34208?
32
What is the highest common factor of 3456333 and 846?
423
Calculate the highest common divisor of 630 and 180990.
90
What is the highest common divisor of 8556 and 168?
12
What is the highest common divisor of 37 and 231509?
37
Calculate the highest common divisor of 1780695 and 210.
105
Calculate the greatest common divisor of 22 and 12794.
2
Calculate the greatest common divisor of 60866 and 4.
2
What is the greatest common divisor of 217358 and 3438?
382
Calculate the highest common divisor of 1247192 and 376.
376
Calculate the highest common factor of 323 and 24803.
17
What is the greatest common factor of 234 and 23179?
13
Calculate the greatest common factor of 66060 and 9.
9
What is the greatest common factor of 1142653 and 59?
59
What is the greatest common divisor of 11 and 1094940?
11
What is the highest common factor of 5539 and 382?
191
What is the highest common factor of 405 and 11640?
15
What is the highest common divisor of 1280 and 682?
2
What is the highest common factor of 53944 and 132?
44
What is the highest common divisor of 4373432 and 3248?
1624
What is the highest common factor of 476 and 143140?
68
What is the highest common divisor of 24 and 1624?
8
Calculate the highest common divisor of 203775 and 4225.
325
What is the greatest common divisor of 63 and 86793?
21
What is the highest common divisor of 523660 and 60?
20
Calculate the greatest common factor of 443930 and 7210.
1030
What is the highest common factor of 566 and 35375?
283
What is the greatest common factor of 195 and 4407?
39
What is the highest common factor of 858768 and 88?
8
What is the highest common divisor of 56548 and 3798?
422
What is the highest common factor of 570 and 8322?
114
Calculate the highest common factor of 204 and 798.
6
Calculate the highest common factor of 188080 and 6080.
80
What is the greatest common factor of 5 and 129360?
5
What is the highest common divisor of 182 and 42146?
26
What is the highest common factor of 1420 and 257588?
284
Calculate the highest common divisor of 10 and 103560.
10
Calculate the greatest common divisor of 195504 and 64.
16
Calculate the highest common divisor of 5934078 and 18.
18
Calculate the greatest common factor of 27 and 353817.
9
What is the highest common factor of 635111 and 1504?
47
What is the highest common factor of 85458 and 6?
6
What is the highest common divisor of 442874 and 395?
79
Calculate the highest common factor of 12168 and 4275.
9
What is the greatest common factor of 238728 and 288?
24
What is the highest common factor of 1815 and 296450?
605
What is the greatest common divisor of 539 and 721952?
77
Calculate the highest common divisor of 3125 and 10.
5
What is the greatest common divisor of 44163 and 90?
9
What is the highest common divisor of 377 and 8372?
13
What is the greatest common divisor of 573034 and 2002?
154
Calculate the greatest common factor of 16425 and 23475.
75
Calculate the highest common factor of 2 and 1197744.
2
Calculate the highest common factor of 11370 and 282.
6
What is the greatest common factor of 2200 and 76648?
88
What is the greatest common divisor of 48 and 1402?
2
Calculate the highest common divisor of 1577 and 1824.
19
What is the highest common divisor of 119 and 9129?
17
What is the highest common divisor of 9347 and 52?
13
What is the highest common divisor of 3316 and 1948?
4
What is the greatest common divisor of 9 and 1204623?
9
What is the greatest common divisor of 4484 and 1239?
59
Calculate the highest common factor of 39603 and 5160.
129
What is the highest common factor of 4736 and 22792?
296
Calculate the highest common divisor of 14645 and 8080.
505
Calculate the highest common divisor of 9797 and 404.
101
What is the greatest common divisor of 85 and 323135?
5
Calculate the greatest common factor of 45484 and 5312.
332
What is the highest common divisor of 58879 and 126256?
607
Calculate the greatest common factor of 784161 and 8505.
1701
What is the highest common factor of 1 and 279577?
1
What is the greatest common divisor of 506 and 43?
1
What is the highest common divisor of 656 and 332?
4
Calculate the greatest common divisor of 16 and 477864.
8
What is the highest common factor of 303 and 15823569?
303
What is the greatest common divisor of 86 and 150?
2
Calculate the highest common divisor of 9 and 988371.
9
Calculate the greatest common divisor of 4068 and 2892.
12
What is the greatest common factor of 7233152 and 128?
128
What is the greatest common factor of 60 and 718860?
60
What is the highest common divisor of 36 and 2467098?
18
What is the greatest common divisor of 1865 and 114511?
373
What is the greatest common divisor of 7139 and 295?
59
Wh